{"id":144,"date":"2016-06-05T00:28:11","date_gmt":"2016-06-04T22:28:11","guid":{"rendered":"http:\/\/thierry-barrot.com\/?page_id=144"},"modified":"2025-07-01T14:50:06","modified_gmt":"2025-07-01T12:50:06","slug":"artisan-peintre-bordeaux-renovation-exterieure","status":"publish","type":"page","link":"https:\/\/thierry-barrot.com\/?page_id=144","title":{"rendered":"R\u00e9novation ext\u00e9rieure"},"content":{"rendered":"\t\t<div data-elementor-type=\"wp-page\" data-elementor-id=\"144\" class=\"elementor elementor-144\">\n\t\t\t\t\t\t<section class=\"elementor-section elementor-top-section elementor-element elementor-element-4c36af1 elementor-section-full_width elementor-section-stretched elementor-section-height-default elementor-section-height-default\" data-id=\"4c36af1\" data-element_type=\"section\" data-settings=\"{&quot;stretch_section&quot;:&quot;section-stretched&quot;}\">\n\t\t\t\t\t\t<div class=\"elementor-container elementor-column-gap-default\">\n\t\t\t\t\t<div class=\"elementor-column elementor-col-100 elementor-top-column elementor-element elementor-element-c547faf\" data-id=\"c547faf\" data-element_type=\"column\">\n\t\t\t<div class=\"elementor-widget-wrap elementor-element-populated\">\n\t\t\t\t\t\t<div class=\"elementor-element elementor-element-d8dc82a elementor-widget elementor-widget-image\" data-id=\"d8dc82a\" data-element_type=\"widget\" data-widget_type=\"image.default\">\n\t\t\t\t<div class=\"elementor-widget-container\">\n\t\t\t\t\t\t\t\t\t\t\t\t\t\t\t<img decoding=\"async\" src=\"https:\/\/thierry-barrot.com\/wp-content\/uploads\/elementor\/thumbs\/low-angle-shot-of-white-building-with-two-windows-scaled-p49d997dvi0n4w0bxjkkzxe8za9w20wyztw842cuvs.jpg\" title=\"low-angle-shot-of-white-building-with-two-windows\" alt=\"low-angle-shot-of-white-building-with-two-windows\" loading=\"lazy\" \/>\t\t\t\t\t\t\t\t\t\t\t\t\t\t\t<\/div>\n\t\t\t\t<\/div>\n\t\t\t\t\t<\/div>\n\t\t<\/div>\n\t\t\t\t\t<\/div>\n\t\t<\/section>\n\t\t\t\t<section class=\"elementor-section elementor-top-section elementor-element elementor-element-73bd1c94 elementor-section-boxed elementor-section-height-default elementor-section-height-default\" data-id=\"73bd1c94\" data-element_type=\"section\">\n\t\t\t\t\t\t<div class=\"elementor-container elementor-column-gap-default\">\n\t\t\t\t\t<div class=\"elementor-column elementor-col-100 elementor-top-column elementor-element elementor-element-4209269\" data-id=\"4209269\" data-element_type=\"column\">\n\t\t\t<div class=\"elementor-widget-wrap elementor-element-populated\">\n\t\t\t\t\t\t<div class=\"elementor-element elementor-element-041da17 elementor-widget-divider--view-line elementor-widget elementor-widget-divider\" data-id=\"041da17\" data-element_type=\"widget\" data-widget_type=\"divider.default\">\n\t\t\t\t<div class=\"elementor-widget-container\">\n\t\t\t\t\t\t\t<div class=\"elementor-divider\">\n\t\t\t<span class=\"elementor-divider-separator\">\n\t\t\t\t\t\t<\/span>\n\t\t<\/div>\n\t\t\t\t\t\t<\/div>\n\t\t\t\t<\/div>\n\t\t\t\t<div class=\"elementor-element elementor-element-ff5a032 elementor-widget elementor-widget-heading\" data-id=\"ff5a032\" data-element_type=\"widget\" data-widget_type=\"heading.default\">\n\t\t\t\t<div class=\"elementor-widget-container\">\n\t\t\t\t\t<h2 class=\"elementor-heading-title elementor-size-default\">Artisan peintre \u00e0 Bordeaux : services pour la r\u00e9novation ext\u00e9rieure<\/h2>\t\t\t\t<\/div>\n\t\t\t\t<\/div>\n\t\t\t\t<div class=\"elementor-element elementor-element-9cc454b elementor-widget-divider--view-line elementor-widget elementor-widget-divider\" data-id=\"9cc454b\" data-element_type=\"widget\" data-widget_type=\"divider.default\">\n\t\t\t\t<div class=\"elementor-widget-container\">\n\t\t\t\t\t\t\t<div class=\"elementor-divider\">\n\t\t\t<span class=\"elementor-divider-separator\">\n\t\t\t\t\t\t<\/span>\n\t\t<\/div>\n\t\t\t\t\t\t<\/div>\n\t\t\t\t<\/div>\n\t\t\t\t<div class=\"elementor-element elementor-element-e68f7b2 elementor-widget elementor-widget-text-editor\" data-id=\"e68f7b2\" data-element_type=\"widget\" data-widget_type=\"text-editor.default\">\n\t\t\t\t<div class=\"elementor-widget-container\">\n\t\t\t\t\t\t\t\t\t<p>Notre entreprise est sp\u00e9cialis\u00e9e dans la peinture depuis 1996 et utilise sans cesse les derni\u00e8res techniques dans le domaine. Que votre projet concerne vos projets de travaux en peinture int\u00e9rieure ou ext\u00e9rieure nous disposons de l\u2019expertise et des comp\u00e9tences n\u00e9cessaires.\u00a0<\/p><p><strong style=\"font-size: 15px; color: #1a1a1a; letter-spacing: 0px;\">D\u00e9placement et <a href=\"https:\/\/thierry-barrot.com\/contact-devis-gratuit\/\">devis\u00a0<\/a>\u00e9tabli gratuitement.<\/strong><\/p>\t\t\t\t\t\t\t\t<\/div>\n\t\t\t\t<\/div>\n\t\t\t\t\t<\/div>\n\t\t<\/div>\n\t\t\t\t\t<\/div>\n\t\t<\/section>\n\t\t\t\t<section class=\"elementor-section elementor-top-section elementor-element elementor-element-2c13216d elementor-section-stretched elementor-section-boxed elementor-section-height-default elementor-section-height-default elementor-invisible\" data-id=\"2c13216d\" data-element_type=\"section\" data-settings=\"{&quot;stretch_section&quot;:&quot;section-stretched&quot;,&quot;background_background&quot;:&quot;classic&quot;,&quot;animation&quot;:&quot;fadeIn&quot;}\">\n\t\t\t\t\t\t<div class=\"elementor-container elementor-column-gap-default\">\n\t\t\t\t\t<div class=\"elementor-column elementor-col-50 elementor-top-column elementor-element elementor-element-47903708\" data-id=\"47903708\" data-element_type=\"column\">\n\t\t\t<div class=\"elementor-widget-wrap elementor-element-populated\">\n\t\t\t\t\t\t<div class=\"elementor-element elementor-element-27f4d4e4 elementor-position-top elementor-widget elementor-widget-image-box\" data-id=\"27f4d4e4\" data-element_type=\"widget\" data-widget_type=\"image-box.default\">\n\t\t\t\t<div class=\"elementor-widget-container\">\n\t\t\t\t\t<div class=\"elementor-image-box-wrapper\"><figure class=\"elementor-image-box-img\"><a href=\"https:\/\/thierry-barrot.com\/artisan-peintre-bordeaux-nettoyage-de-toiture-et-traitement\/\" tabindex=\"-1\"><img decoding=\"async\" src=\"https:\/\/thierry-barrot.com\/wp-content\/uploads\/elementor\/thumbs\/artisan-peintre-bordeaux-2-9-nbzz62qr7egeetzvb5z1n541qtucfijpnivfi8evks.jpg\" title=\"artisan peintre bordeaux (2)\" alt=\"artisan peintre bordeaux (2)\" loading=\"lazy\" \/><\/a><\/figure><div class=\"elementor-image-box-content\"><h3 class=\"elementor-image-box-title\"><a href=\"https:\/\/thierry-barrot.com\/artisan-peintre-bordeaux-nettoyage-de-toiture-et-traitement\/\">Nettoyage et traitement de toiture<\/a><\/h3><p class=\"elementor-image-box-description\">J'assure tous vos projets de nettoyage et traitement de toiture en ext\u00e9rieur.<\/p><\/div><\/div>\t\t\t\t<\/div>\n\t\t\t\t<\/div>\n\t\t\t\t<div class=\"elementor-element elementor-element-57b2d8cf elementor-position-top elementor-widget elementor-widget-image-box\" data-id=\"57b2d8cf\" data-element_type=\"widget\" data-widget_type=\"image-box.default\">\n\t\t\t\t<div class=\"elementor-widget-container\">\n\t\t\t\t\t<div class=\"elementor-image-box-wrapper\"><figure class=\"elementor-image-box-img\"><a href=\"https:\/\/thierry-barrot.com\/artisan-peintre-bordeaux-travaux-de-maconnerie\/\" tabindex=\"-1\"><img decoding=\"async\" src=\"https:\/\/thierry-barrot.com\/wp-content\/uploads\/elementor\/thumbs\/artisan-peintre-bordeaux-4-6-nbzxqgftvxsitqz5qcpm7o1rc29opwmdk14hq6y7a4.jpg\" title=\"artisan peintre bordeaux (4)\" alt=\"artisan peintre bordeaux (4)\" loading=\"lazy\" \/><\/a><\/figure><div class=\"elementor-image-box-content\"><h3 class=\"elementor-image-box-title\"><a href=\"https:\/\/thierry-barrot.com\/artisan-peintre-bordeaux-travaux-de-maconnerie\/\">Travaux de ma\u00e7onnerie<\/a><\/h3><p class=\"elementor-image-box-description\">Je propose mes services de ma\u00e7onnerie pour tous vos travaux.<\/p><\/div><\/div>\t\t\t\t<\/div>\n\t\t\t\t<\/div>\n\t\t\t\t<div class=\"elementor-element elementor-element-f8b3cd6 elementor-widget elementor-widget-spacer\" data-id=\"f8b3cd6\" data-element_type=\"widget\" data-widget_type=\"spacer.default\">\n\t\t\t\t<div class=\"elementor-widget-container\">\n\t\t\t\t\t\t\t<div class=\"elementor-spacer\">\n\t\t\t<div class=\"elementor-spacer-inner\"><\/div>\n\t\t<\/div>\n\t\t\t\t\t\t<\/div>\n\t\t\t\t<\/div>\n\t\t\t\t\t<\/div>\n\t\t<\/div>\n\t\t\t\t<div class=\"elementor-column elementor-col-50 elementor-top-column elementor-element elementor-element-7415232f\" data-id=\"7415232f\" data-element_type=\"column\">\n\t\t\t<div class=\"elementor-widget-wrap elementor-element-populated\">\n\t\t\t\t\t\t<div class=\"elementor-element elementor-element-2031c31b elementor-position-top elementor-widget elementor-widget-image-box\" data-id=\"2031c31b\" data-element_type=\"widget\" data-widget_type=\"image-box.default\">\n\t\t\t\t<div class=\"elementor-widget-container\">\n\t\t\t\t\t<div class=\"elementor-image-box-wrapper\"><figure class=\"elementor-image-box-img\"><a href=\"https:\/\/thierry-barrot.com\/artisan-peintre-bordeaux-ravalement-de-facade\/\" tabindex=\"-1\"><img decoding=\"async\" src=\"https:\/\/thierry-barrot.com\/wp-content\/uploads\/elementor\/thumbs\/artisan-peintre-bordreaux-maison-bleue-1-nc2xewqf10d3ck7nyyyi6gihk3q6wrvb6oult3amho.jpg\" title=\"artisan peintre bordreaux &#8211; maison bleue\" alt=\"artisan peintre bordreaux - maison bleue\" loading=\"lazy\" \/><\/a><\/figure><div class=\"elementor-image-box-content\"><h3 class=\"elementor-image-box-title\"><a href=\"https:\/\/thierry-barrot.com\/artisan-peintre-bordeaux-ravalement-de-facade\/\">Ravalement de fa\u00e7ade<\/a><\/h3><p class=\"elementor-image-box-description\">Je m'assure du ravalement de fa\u00e7ade de vos travaux en ext\u00e9rieur.<\/p><\/div><\/div>\t\t\t\t<\/div>\n\t\t\t\t<\/div>\n\t\t\t\t<div class=\"elementor-element elementor-element-62916f4b elementor-position-top elementor-widget elementor-widget-image-box\" data-id=\"62916f4b\" data-element_type=\"widget\" data-widget_type=\"image-box.default\">\n\t\t\t\t<div class=\"elementor-widget-container\">\n\t\t\t\t\t<div class=\"elementor-image-box-wrapper\"><figure class=\"elementor-image-box-img\"><a href=\"https:\/\/thierry-barrot.com\/artisan-peintre-bordeaux-peinture-et-renovation-exterieure\/\" tabindex=\"-1\"><img decoding=\"async\" src=\"https:\/\/thierry-barrot.com\/wp-content\/uploads\/elementor\/thumbs\/artisan-peintre-bordeaux-maison-cr\u00e9pis-1-nc2xesz29o7y24d4kxbzwhgn6k8q1zgdu68nvzg76k.jpg\" title=\"OLYMPUS DIGITAL CAMERA\" alt=\"OLYMPUS DIGITAL CAMERA\" loading=\"lazy\" \/><\/a><\/figure><div class=\"elementor-image-box-content\"><h3 class=\"elementor-image-box-title\"><a href=\"https:\/\/thierry-barrot.com\/artisan-peintre-bordeaux-peinture-et-renovation-exterieure\/\">Peinture et r\u00e9novation ext\u00e9rieure<\/a><\/h3><p class=\"elementor-image-box-description\">Un nombreux choix de peinture pour moderniser votre habitat.<\/p><\/div><\/div>\t\t\t\t<\/div>\n\t\t\t\t<\/div>\n\t\t\t\t<div class=\"elementor-element elementor-element-ad3333f elementor-widget elementor-widget-spacer\" data-id=\"ad3333f\" data-element_type=\"widget\" data-widget_type=\"spacer.default\">\n\t\t\t\t<div class=\"elementor-widget-container\">\n\t\t\t\t\t\t\t<div class=\"elementor-spacer\">\n\t\t\t<div class=\"elementor-spacer-inner\"><\/div>\n\t\t<\/div>\n\t\t\t\t\t\t<\/div>\n\t\t\t\t<\/div>\n\t\t\t\t\t<\/div>\n\t\t<\/div>\n\t\t\t\t\t<\/div>\n\t\t<\/section>\n\t\t\t\t<\/div>\n\t\t","protected":false},"excerpt":{"rendered":"<p>Artisan peintre \u00e0 Bordeaux : services pour la r\u00e9novation ext\u00e9rieure Notre entreprise est sp\u00e9cialis\u00e9e dans la peinture depuis 1996 et utilise sans cesse les derni\u00e8res techniques dans le domaine. Que votre projet concerne vos projets de travaux en peinture int\u00e9rieure ou ext\u00e9rieure nous disposons de l\u2019expertise et des comp\u00e9tences n\u00e9cessaires.\u00a0 D\u00e9placement et devis\u00a0\u00e9tabli gratuitement. Nettoyage <a class=\"read-more\" href=\"https:\/\/thierry-barrot.com\/?page_id=144\">Lire la suite<\/a><\/p>\n","protected":false},"author":1,"featured_media":680,"parent":0,"menu_order":0,"comment_status":"closed","ping_status":"closed","template":"","meta":{"footnotes":""},"class_list":["post-144","page","type-page","status-publish","has-post-thumbnail","hentry"],"yoast_head":"<!-- This site is optimized with the Yoast SEO plugin v26.6 - https:\/\/yoast.com\/wordpress\/plugins\/seo\/ -->\n<title>Artisan peintre bordeaux r\u00e9novation exterieur<\/title>\n<meta name=\"description\" content=\"artisan peintre bordeaux renovation exterieure, Thierry BARROT votre sp\u00e9cialiste en r\u00e9novation en mur de fa\u00e7ade ou tout autres travaux .\" \/>\n<meta name=\"robots\" content=\"index, follow, max-snippet:-1, max-image-preview:large, max-video-preview:-1\" \/>\n<link rel=\"canonical\" href=\"https:\/\/thierry-barrot.com\/?page_id=144\" \/>\n<meta property=\"og:locale\" content=\"fr_FR\" \/>\n<meta property=\"og:type\" content=\"article\" \/>\n<meta property=\"og:title\" content=\"Artisan peintre bordeaux r\u00e9novation exterieur\" \/>\n<meta property=\"og:description\" content=\"artisan peintre bordeaux renovation exterieure, Thierry BARROT votre sp\u00e9cialiste en r\u00e9novation en mur de fa\u00e7ade ou tout autres travaux .\" \/>\n<meta property=\"og:url\" content=\"https:\/\/thierry-barrot.com\/?page_id=144\" \/>\n<meta property=\"og:site_name\" content=\"Thierry Barrot\" \/>\n<meta property=\"article:modified_time\" content=\"2025-07-01T12:50:06+00:00\" \/>\n<meta property=\"og:image\" content=\"https:\/\/thierry-barrot.com\/wp-content\/uploads\/2016\/06\/artisan-peintre-bordeaux-mur-1024x653.png\" \/>\n\t<meta property=\"og:image:width\" content=\"1024\" \/>\n\t<meta property=\"og:image:height\" content=\"653\" \/>\n\t<meta property=\"og:image:type\" content=\"image\/png\" \/>\n<meta name=\"twitter:card\" content=\"summary_large_image\" \/>\n<meta name=\"twitter:label1\" content=\"Dur\u00e9e de lecture estim\u00e9e\" \/>\n\t<meta name=\"twitter:data1\" content=\"2 minutes\" \/>\n<script type=\"application\/ld+json\" class=\"yoast-schema-graph\">{\"@context\":\"https:\/\/schema.org\",\"@graph\":[{\"@type\":\"WebPage\",\"@id\":\"https:\/\/thierry-barrot.com\/?page_id=144\",\"url\":\"https:\/\/thierry-barrot.com\/?page_id=144\",\"name\":\"Artisan peintre bordeaux r\u00e9novation exterieur\",\"isPartOf\":{\"@id\":\"https:\/\/thierry-barrot.com\/#website\"},\"primaryImageOfPage\":{\"@id\":\"https:\/\/thierry-barrot.com\/?page_id=144#primaryimage\"},\"image\":{\"@id\":\"https:\/\/thierry-barrot.com\/?page_id=144#primaryimage\"},\"thumbnailUrl\":\"https:\/\/thierry-barrot.com\/wp-content\/uploads\/2016\/06\/artisan-peintre-bordeaux-mur.png\",\"datePublished\":\"2016-06-04T22:28:11+00:00\",\"dateModified\":\"2025-07-01T12:50:06+00:00\",\"description\":\"artisan peintre bordeaux renovation exterieure, Thierry BARROT votre sp\u00e9cialiste en r\u00e9novation en mur de fa\u00e7ade ou tout autres travaux .\",\"breadcrumb\":{\"@id\":\"https:\/\/thierry-barrot.com\/?page_id=144#breadcrumb\"},\"inLanguage\":\"fr-FR\",\"potentialAction\":[{\"@type\":\"ReadAction\",\"target\":[\"https:\/\/thierry-barrot.com\/?page_id=144\"]}]},{\"@type\":\"ImageObject\",\"inLanguage\":\"fr-FR\",\"@id\":\"https:\/\/thierry-barrot.com\/?page_id=144#primaryimage\",\"url\":\"https:\/\/thierry-barrot.com\/wp-content\/uploads\/2016\/06\/artisan-peintre-bordeaux-mur.png\",\"contentUrl\":\"https:\/\/thierry-barrot.com\/wp-content\/uploads\/2016\/06\/artisan-peintre-bordeaux-mur.png\",\"width\":3840,\"height\":2448},{\"@type\":\"BreadcrumbList\",\"@id\":\"https:\/\/thierry-barrot.com\/?page_id=144#breadcrumb\",\"itemListElement\":[{\"@type\":\"ListItem\",\"position\":1,\"name\":\"Accueil\",\"item\":\"https:\/\/thierry-barrot.com\/\"},{\"@type\":\"ListItem\",\"position\":2,\"name\":\"R\u00e9novation ext\u00e9rieure\"}]},{\"@type\":\"WebSite\",\"@id\":\"https:\/\/thierry-barrot.com\/#website\",\"url\":\"https:\/\/thierry-barrot.com\/\",\"name\":\"Thierry Barrot\",\"description\":\"Artisan peintre sur la M\u00e9tropole de Bordeaux\",\"potentialAction\":[{\"@type\":\"SearchAction\",\"target\":{\"@type\":\"EntryPoint\",\"urlTemplate\":\"https:\/\/thierry-barrot.com\/?s={search_term_string}\"},\"query-input\":{\"@type\":\"PropertyValueSpecification\",\"valueRequired\":true,\"valueName\":\"search_term_string\"}}],\"inLanguage\":\"fr-FR\"}]}<\/script>\n<!-- \/ Yoast SEO plugin. -->","yoast_head_json":{"title":"Artisan peintre bordeaux r\u00e9novation exterieur","description":"artisan peintre bordeaux renovation exterieure, Thierry BARROT votre sp\u00e9cialiste en r\u00e9novation en mur de fa\u00e7ade ou tout autres travaux .","robots":{"index":"index","follow":"follow","max-snippet":"max-snippet:-1","max-image-preview":"max-image-preview:large","max-video-preview":"max-video-preview:-1"},"canonical":"https:\/\/thierry-barrot.com\/?page_id=144","og_locale":"fr_FR","og_type":"article","og_title":"Artisan peintre bordeaux r\u00e9novation exterieur","og_description":"artisan peintre bordeaux renovation exterieure, Thierry BARROT votre sp\u00e9cialiste en r\u00e9novation en mur de fa\u00e7ade ou tout autres travaux .","og_url":"https:\/\/thierry-barrot.com\/?page_id=144","og_site_name":"Thierry Barrot","article_modified_time":"2025-07-01T12:50:06+00:00","og_image":[{"width":1024,"height":653,"url":"https:\/\/thierry-barrot.com\/wp-content\/uploads\/2016\/06\/artisan-peintre-bordeaux-mur-1024x653.png","type":"image\/png"}],"twitter_card":"summary_large_image","twitter_misc":{"Dur\u00e9e de lecture estim\u00e9e":"2 minutes"},"schema":{"@context":"https:\/\/schema.org","@graph":[{"@type":"WebPage","@id":"https:\/\/thierry-barrot.com\/?page_id=144","url":"https:\/\/thierry-barrot.com\/?page_id=144","name":"Artisan peintre bordeaux r\u00e9novation exterieur","isPartOf":{"@id":"https:\/\/thierry-barrot.com\/#website"},"primaryImageOfPage":{"@id":"https:\/\/thierry-barrot.com\/?page_id=144#primaryimage"},"image":{"@id":"https:\/\/thierry-barrot.com\/?page_id=144#primaryimage"},"thumbnailUrl":"https:\/\/thierry-barrot.com\/wp-content\/uploads\/2016\/06\/artisan-peintre-bordeaux-mur.png","datePublished":"2016-06-04T22:28:11+00:00","dateModified":"2025-07-01T12:50:06+00:00","description":"artisan peintre bordeaux renovation exterieure, Thierry BARROT votre sp\u00e9cialiste en r\u00e9novation en mur de fa\u00e7ade ou tout autres travaux .","breadcrumb":{"@id":"https:\/\/thierry-barrot.com\/?page_id=144#breadcrumb"},"inLanguage":"fr-FR","potentialAction":[{"@type":"ReadAction","target":["https:\/\/thierry-barrot.com\/?page_id=144"]}]},{"@type":"ImageObject","inLanguage":"fr-FR","@id":"https:\/\/thierry-barrot.com\/?page_id=144#primaryimage","url":"https:\/\/thierry-barrot.com\/wp-content\/uploads\/2016\/06\/artisan-peintre-bordeaux-mur.png","contentUrl":"https:\/\/thierry-barrot.com\/wp-content\/uploads\/2016\/06\/artisan-peintre-bordeaux-mur.png","width":3840,"height":2448},{"@type":"BreadcrumbList","@id":"https:\/\/thierry-barrot.com\/?page_id=144#breadcrumb","itemListElement":[{"@type":"ListItem","position":1,"name":"Accueil","item":"https:\/\/thierry-barrot.com\/"},{"@type":"ListItem","position":2,"name":"R\u00e9novation ext\u00e9rieure"}]},{"@type":"WebSite","@id":"https:\/\/thierry-barrot.com\/#website","url":"https:\/\/thierry-barrot.com\/","name":"Thierry Barrot","description":"Artisan peintre sur la M\u00e9tropole de Bordeaux","potentialAction":[{"@type":"SearchAction","target":{"@type":"EntryPoint","urlTemplate":"https:\/\/thierry-barrot.com\/?s={search_term_string}"},"query-input":{"@type":"PropertyValueSpecification","valueRequired":true,"valueName":"search_term_string"}}],"inLanguage":"fr-FR"}]}},"_links":{"self":[{"href":"https:\/\/thierry-barrot.com\/index.php?rest_route=\/wp\/v2\/pages\/144","targetHints":{"allow":["GET"]}}],"collection":[{"href":"https:\/\/thierry-barrot.com\/index.php?rest_route=\/wp\/v2\/pages"}],"about":[{"href":"https:\/\/thierry-barrot.com\/index.php?rest_route=\/wp\/v2\/types\/page"}],"author":[{"embeddable":true,"href":"https:\/\/thierry-barrot.com\/index.php?rest_route=\/wp\/v2\/users\/1"}],"replies":[{"embeddable":true,"href":"https:\/\/thierry-barrot.com\/index.php?rest_route=%2Fwp%2Fv2%2Fcomments&post=144"}],"version-history":[{"count":90,"href":"https:\/\/thierry-barrot.com\/index.php?rest_route=\/wp\/v2\/pages\/144\/revisions"}],"predecessor-version":[{"id":1761,"href":"https:\/\/thierry-barrot.com\/index.php?rest_route=\/wp\/v2\/pages\/144\/revisions\/1761"}],"wp:featuredmedia":[{"embeddable":true,"href":"https:\/\/thierry-barrot.com\/index.php?rest_route=\/wp\/v2\/media\/680"}],"wp:attachment":[{"href":"https:\/\/thierry-barrot.com\/index.php?rest_route=%2Fwp%2Fv2%2Fmedia&parent=144"}],"curies":[{"name":"wp","href":"https:\/\/api.w.org\/{rel}","templated":true}]}}