{"id":1292,"date":"2021-03-08T15:19:39","date_gmt":"2021-03-08T14:19:39","guid":{"rendered":"https:\/\/thierry-barrot.com\/?page_id=1292"},"modified":"2025-07-01T14:49:09","modified_gmt":"2025-07-01T12:49:09","slug":"renovation-interieure","status":"publish","type":"page","link":"https:\/\/thierry-barrot.com\/?page_id=1292","title":{"rendered":"R\u00e9novation int\u00e9rieure"},"content":{"rendered":"\t\t<div data-elementor-type=\"wp-page\" data-elementor-id=\"1292\" class=\"elementor elementor-1292\">\n\t\t\t\t\t\t<section class=\"elementor-section elementor-top-section elementor-element elementor-element-fa5cf97 elementor-section-full_width elementor-section-stretched elementor-section-height-default elementor-section-height-default\" data-id=\"fa5cf97\" data-element_type=\"section\" data-settings=\"{&quot;stretch_section&quot;:&quot;section-stretched&quot;}\">\n\t\t\t\t\t\t<div class=\"elementor-container elementor-column-gap-default\">\n\t\t\t\t\t<div class=\"elementor-column elementor-col-100 elementor-top-column elementor-element elementor-element-0b59ab1\" data-id=\"0b59ab1\" data-element_type=\"column\">\n\t\t\t<div class=\"elementor-widget-wrap elementor-element-populated\">\n\t\t\t\t\t\t<div class=\"elementor-element elementor-element-0795cfe elementor-widget elementor-widget-image\" data-id=\"0795cfe\" data-element_type=\"widget\" data-widget_type=\"image.default\">\n\t\t\t\t<div class=\"elementor-widget-container\">\n\t\t\t\t\t\t\t\t\t\t\t\t\t\t\t<img decoding=\"async\" src=\"https:\/\/thierry-barrot.com\/wp-content\/uploads\/elementor\/thumbs\/IMG_4529-scaled-p4xghd5cw5zshp23f3voa53q5cbtw3l4d0x9tpzmfs.jpg\" title=\"IMG_4529\" alt=\"IMG_4529\" loading=\"lazy\" \/>\t\t\t\t\t\t\t\t\t\t\t\t\t\t\t<\/div>\n\t\t\t\t<\/div>\n\t\t\t\t\t<\/div>\n\t\t<\/div>\n\t\t\t\t\t<\/div>\n\t\t<\/section>\n\t\t\t\t<section class=\"elementor-section elementor-top-section elementor-element elementor-element-95149d8 elementor-section-boxed elementor-section-height-default elementor-section-height-default\" data-id=\"95149d8\" data-element_type=\"section\">\n\t\t\t\t\t\t<div class=\"elementor-container elementor-column-gap-default\">\n\t\t\t\t\t<div class=\"elementor-column elementor-col-100 elementor-top-column elementor-element elementor-element-9feb9d5\" data-id=\"9feb9d5\" data-element_type=\"column\">\n\t\t\t<div class=\"elementor-widget-wrap elementor-element-populated\">\n\t\t\t\t\t\t<div class=\"elementor-element elementor-element-2142765 elementor-widget-divider--view-line elementor-widget elementor-widget-divider\" data-id=\"2142765\" data-element_type=\"widget\" data-widget_type=\"divider.default\">\n\t\t\t\t<div class=\"elementor-widget-container\">\n\t\t\t\t\t\t\t<div class=\"elementor-divider\">\n\t\t\t<span class=\"elementor-divider-separator\">\n\t\t\t\t\t\t<\/span>\n\t\t<\/div>\n\t\t\t\t\t\t<\/div>\n\t\t\t\t<\/div>\n\t\t\t\t<div class=\"elementor-element elementor-element-87de691 elementor-widget elementor-widget-heading\" data-id=\"87de691\" data-element_type=\"widget\" data-widget_type=\"heading.default\">\n\t\t\t\t<div class=\"elementor-widget-container\">\n\t\t\t\t\t<h2 class=\"elementor-heading-title elementor-size-default\">Artisan peintre Bordeaux : services pour la r\u00e9novation int\u00e9rieure <\/h2>\t\t\t\t<\/div>\n\t\t\t\t<\/div>\n\t\t\t\t<div class=\"elementor-element elementor-element-902b6a7 elementor-widget-divider--view-line elementor-widget elementor-widget-divider\" data-id=\"902b6a7\" data-element_type=\"widget\" data-widget_type=\"divider.default\">\n\t\t\t\t<div class=\"elementor-widget-container\">\n\t\t\t\t\t\t\t<div class=\"elementor-divider\">\n\t\t\t<span class=\"elementor-divider-separator\">\n\t\t\t\t\t\t<\/span>\n\t\t<\/div>\n\t\t\t\t\t\t<\/div>\n\t\t\t\t<\/div>\n\t\t\t\t<div class=\"elementor-element elementor-element-8a095b8 elementor-widget elementor-widget-text-editor\" data-id=\"8a095b8\" data-element_type=\"widget\" data-widget_type=\"text-editor.default\">\n\t\t\t\t<div class=\"elementor-widget-container\">\n\t\t\t\t\t\t\t\t\t<p>Notre entreprise est sp\u00e9cialis\u00e9e dans la peinture depuis 1996 et utilise sans cesse les derni\u00e8res techniques dans le domaine. Que votre projet concerne vos projets de travaux en peinture int\u00e9rieure ou ext\u00e9rieure nous disposons de l\u2019expertise et des comp\u00e9tences n\u00e9cessaires.\u00a0<\/p><p><strong style=\"font-size: 15px; color: #1a1a1a; letter-spacing: 0px;\">D\u00e9placement et <a href=\"https:\/\/thierry-barrot.com\/contact-devis-gratuit\/\">devis\u00a0<\/a>\u00e9tabli gratuitement.<\/strong><\/p>\t\t\t\t\t\t\t\t<\/div>\n\t\t\t\t<\/div>\n\t\t\t\t\t<\/div>\n\t\t<\/div>\n\t\t\t\t\t<\/div>\n\t\t<\/section>\n\t\t\t\t<section class=\"elementor-section elementor-top-section elementor-element elementor-element-3362ccc5 elementor-section-full_width elementor-section-stretched elementor-section-height-default elementor-section-height-default elementor-invisible\" data-id=\"3362ccc5\" data-element_type=\"section\" data-settings=\"{&quot;background_background&quot;:&quot;classic&quot;,&quot;stretch_section&quot;:&quot;section-stretched&quot;,&quot;animation&quot;:&quot;fadeIn&quot;}\">\n\t\t\t\t\t\t<div class=\"elementor-container elementor-column-gap-default\">\n\t\t\t\t\t<div class=\"elementor-column elementor-col-50 elementor-top-column elementor-element elementor-element-1115d955\" data-id=\"1115d955\" data-element_type=\"column\">\n\t\t\t<div class=\"elementor-widget-wrap elementor-element-populated\">\n\t\t\t\t\t\t<div class=\"elementor-element elementor-element-4c278682 elementor-position-top elementor-widget elementor-widget-image-box\" data-id=\"4c278682\" data-element_type=\"widget\" data-widget_type=\"image-box.default\">\n\t\t\t\t<div class=\"elementor-widget-container\">\n\t\t\t\t\t<div class=\"elementor-image-box-wrapper\"><figure class=\"elementor-image-box-img\"><a href=\"https:\/\/thierry-barrot.com\/artisan-peintre-bordeaux-peinture-interieure\/\" tabindex=\"-1\"><img decoding=\"async\" width=\"150\" height=\"150\" src=\"https:\/\/thierry-barrot.com\/wp-content\/uploads\/2017\/07\/artisan-peintre-bordeaux-105-1-150x150.jpg\" class=\"attachment-thumbnail size-thumbnail wp-image-1066\" alt=\"\" srcset=\"https:\/\/thierry-barrot.com\/wp-content\/uploads\/2017\/07\/artisan-peintre-bordeaux-105-1-150x150.jpg 150w, https:\/\/thierry-barrot.com\/wp-content\/uploads\/2017\/07\/artisan-peintre-bordeaux-105-1-80x80.jpg 80w, https:\/\/thierry-barrot.com\/wp-content\/uploads\/2017\/07\/artisan-peintre-bordeaux-105-1-380x380.jpg 380w, https:\/\/thierry-barrot.com\/wp-content\/uploads\/2017\/07\/artisan-peintre-bordeaux-105-1-285x285.jpg 285w\" sizes=\"(max-width: 150px) 100vw, 150px\" \/><\/a><\/figure><div class=\"elementor-image-box-content\"><h3 class=\"elementor-image-box-title\"><a href=\"https:\/\/thierry-barrot.com\/artisan-peintre-bordeaux-peinture-interieure\/\">Application de la peinture<\/a><\/h3><p class=\"elementor-image-box-description\">De nombreux choix de peinture vous est propos\u00e9 pour vous satisfaire.<\/p><\/div><\/div>\t\t\t\t<\/div>\n\t\t\t\t<\/div>\n\t\t\t\t<div class=\"elementor-element elementor-element-3184e116 elementor-position-top elementor-widget elementor-widget-image-box\" data-id=\"3184e116\" data-element_type=\"widget\" data-widget_type=\"image-box.default\">\n\t\t\t\t<div class=\"elementor-widget-container\">\n\t\t\t\t\t<div class=\"elementor-image-box-wrapper\"><figure class=\"elementor-image-box-img\"><a href=\"https:\/\/thierry-barrot.com\/artisan-peintre-bordeaux-revetement-de-sol-et-carrelage\/\" tabindex=\"-1\"><img decoding=\"async\" width=\"150\" height=\"150\" src=\"https:\/\/thierry-barrot.com\/wp-content\/uploads\/2017\/07\/artisan-peintre-bordeaux-111-1-150x150.jpg\" class=\"attachment-thumbnail size-thumbnail wp-image-1072\" alt=\"\" srcset=\"https:\/\/thierry-barrot.com\/wp-content\/uploads\/2017\/07\/artisan-peintre-bordeaux-111-1-150x150.jpg 150w, https:\/\/thierry-barrot.com\/wp-content\/uploads\/2017\/07\/artisan-peintre-bordeaux-111-1-300x300.jpg 300w, https:\/\/thierry-barrot.com\/wp-content\/uploads\/2017\/07\/artisan-peintre-bordeaux-111-1-80x80.jpg 80w, https:\/\/thierry-barrot.com\/wp-content\/uploads\/2017\/07\/artisan-peintre-bordeaux-111-1-380x380.jpg 380w, https:\/\/thierry-barrot.com\/wp-content\/uploads\/2017\/07\/artisan-peintre-bordeaux-111-1-285x285.jpg 285w, https:\/\/thierry-barrot.com\/wp-content\/uploads\/2017\/07\/artisan-peintre-bordeaux-111-1.jpg 500w\" sizes=\"(max-width: 150px) 100vw, 150px\" \/><\/a><\/figure><div class=\"elementor-image-box-content\"><h3 class=\"elementor-image-box-title\"><a href=\"https:\/\/thierry-barrot.com\/artisan-peintre-bordeaux-revetement-de-sol-et-carrelage\/\">Rev\u00eatement de sol <\/a><\/h3><p class=\"elementor-image-box-description\">Un choix vari\u00e9 pour le rev\u00eatement de votre sol afin de moderniser vos espaces.<\/p><\/div><\/div>\t\t\t\t<\/div>\n\t\t\t\t<\/div>\n\t\t\t\t<div class=\"elementor-element elementor-element-c524ae9 elementor-position-top elementor-widget elementor-widget-image-box\" data-id=\"c524ae9\" data-element_type=\"widget\" data-widget_type=\"image-box.default\">\n\t\t\t\t<div class=\"elementor-widget-container\">\n\t\t\t\t\t<div class=\"elementor-image-box-wrapper\"><figure class=\"elementor-image-box-img\"><a href=\"https:\/\/thierry-barrot.com\/artisan-peintre-bordeaux-travaux-delectricite\/\" tabindex=\"-1\"><img decoding=\"async\" width=\"150\" height=\"150\" src=\"https:\/\/thierry-barrot.com\/wp-content\/uploads\/2017\/07\/artisan-peintre-bordeaux-2-8-150x150.jpg\" class=\"attachment-thumbnail size-thumbnail wp-image-931\" alt=\"\" srcset=\"https:\/\/thierry-barrot.com\/wp-content\/uploads\/2017\/07\/artisan-peintre-bordeaux-2-8-150x150.jpg 150w, https:\/\/thierry-barrot.com\/wp-content\/uploads\/2017\/07\/artisan-peintre-bordeaux-2-8-80x80.jpg 80w, https:\/\/thierry-barrot.com\/wp-content\/uploads\/2017\/07\/artisan-peintre-bordeaux-2-8-285x285.jpg 285w\" sizes=\"(max-width: 150px) 100vw, 150px\" \/><\/a><\/figure><div class=\"elementor-image-box-content\"><h3 class=\"elementor-image-box-title\"><a href=\"https:\/\/thierry-barrot.com\/artisan-peintre-bordeaux-travaux-delectricite\/\">Travaux d'\u00e9lectricit\u00e9<\/a><\/h3><p class=\"elementor-image-box-description\">Je m'occupe de vos travaux en \u00e9lectricit\u00e9 dans tous vos projets.<\/p><\/div><\/div>\t\t\t\t<\/div>\n\t\t\t\t<\/div>\n\t\t\t\t\t<\/div>\n\t\t<\/div>\n\t\t\t\t<div class=\"elementor-column elementor-col-50 elementor-top-column elementor-element elementor-element-6eed8feb\" data-id=\"6eed8feb\" data-element_type=\"column\">\n\t\t\t<div class=\"elementor-widget-wrap elementor-element-populated\">\n\t\t\t\t\t\t<div class=\"elementor-element elementor-element-2dc62b31 elementor-position-top elementor-widget elementor-widget-image-box\" data-id=\"2dc62b31\" data-element_type=\"widget\" data-widget_type=\"image-box.default\">\n\t\t\t\t<div class=\"elementor-widget-container\">\n\t\t\t\t\t<div class=\"elementor-image-box-wrapper\"><figure class=\"elementor-image-box-img\"><a href=\"https:\/\/thierry-barrot.com\/artisan-peintre-bordeaux-papier-peint\/\" tabindex=\"-1\"><img decoding=\"async\" src=\"https:\/\/thierry-barrot.com\/wp-content\/uploads\/elementor\/thumbs\/artisan-peintre-bordeaux-2-2-nbztmnbh6tgb57odtymlmgtchsstbctw8g0rys3vq4.jpg\" title=\"artisan peintre bordeaux (2)\" alt=\"artisan peintre bordeaux (2)\" loading=\"lazy\" \/><\/a><\/figure><div class=\"elementor-image-box-content\"><h3 class=\"elementor-image-box-title\"><a href=\"https:\/\/thierry-barrot.com\/artisan-peintre-bordeaux-papier-peint\/\">Pose de papier-peint<\/a><\/h3><p class=\"elementor-image-box-description\">Je vous propose le rev\u00eatement de vos murs avec la pose de papier-peint.<\/p><\/div><\/div>\t\t\t\t<\/div>\n\t\t\t\t<\/div>\n\t\t\t\t<div class=\"elementor-element elementor-element-766fab6 elementor-position-top elementor-widget elementor-widget-image-box\" data-id=\"766fab6\" data-element_type=\"widget\" data-widget_type=\"image-box.default\">\n\t\t\t\t<div class=\"elementor-widget-container\">\n\t\t\t\t\t<div class=\"elementor-image-box-wrapper\"><figure class=\"elementor-image-box-img\"><a href=\"https:\/\/thierry-barrot.com\/artisan-peintre-bordeaux-placo-mur-et-plafond\/\" tabindex=\"-1\"><img loading=\"lazy\" decoding=\"async\" width=\"150\" height=\"150\" src=\"https:\/\/thierry-barrot.com\/wp-content\/uploads\/2017\/07\/artisan-peintre-bordeaux-3-6-150x150.jpg\" class=\"attachment-thumbnail size-thumbnail wp-image-915\" alt=\"\" srcset=\"https:\/\/thierry-barrot.com\/wp-content\/uploads\/2017\/07\/artisan-peintre-bordeaux-3-6-150x150.jpg 150w, https:\/\/thierry-barrot.com\/wp-content\/uploads\/2017\/07\/artisan-peintre-bordeaux-3-6-80x80.jpg 80w, https:\/\/thierry-barrot.com\/wp-content\/uploads\/2017\/07\/artisan-peintre-bordeaux-3-6-285x285.jpg 285w\" sizes=\"(max-width: 150px) 100vw, 150px\" \/><\/a><\/figure><div class=\"elementor-image-box-content\"><h3 class=\"elementor-image-box-title\"><a href=\"https:\/\/thierry-barrot.com\/artisan-peintre-bordeaux-placo-mur-et-plafond\/\">Pose de placo<\/a><\/h3><p class=\"elementor-image-box-description\">J'assure la pose de placo pour tous vos travaux de r\u00e9novation en int\u00e9rieur.<\/p><\/div><\/div>\t\t\t\t<\/div>\n\t\t\t\t<\/div>\n\t\t\t\t\t<\/div>\n\t\t<\/div>\n\t\t\t\t\t<\/div>\n\t\t<\/section>\n\t\t\t\t<\/div>\n\t\t","protected":false},"excerpt":{"rendered":"<p>Artisan peintre Bordeaux : services pour la r\u00e9novation int\u00e9rieure Notre entreprise est sp\u00e9cialis\u00e9e dans la peinture depuis 1996 et utilise sans cesse les derni\u00e8res techniques dans le domaine. Que votre projet concerne vos projets de travaux en peinture int\u00e9rieure ou ext\u00e9rieure nous disposons de l\u2019expertise et des comp\u00e9tences n\u00e9cessaires.\u00a0 D\u00e9placement et devis\u00a0\u00e9tabli gratuitement. Application de <a class=\"read-more\" href=\"https:\/\/thierry-barrot.com\/?page_id=1292\">Lire la suite<\/a><\/p>\n","protected":false},"author":1,"featured_media":0,"parent":0,"menu_order":0,"comment_status":"closed","ping_status":"closed","template":"template-full-width.php","meta":{"footnotes":""},"class_list":["post-1292","page","type-page","status-publish","hentry"],"yoast_head":"<!-- This site is optimized with the Yoast SEO plugin v26.6 - https:\/\/yoast.com\/wordpress\/plugins\/seo\/ -->\n<title>R\u00e9novation int\u00e9rieure - Thierry Barrot<\/title>\n<meta name=\"description\" content=\"Transformez votre int\u00e9rieur avec Thierry Barrot : expertise, design sur mesure et qualit\u00e9 artisanale pour un r\u00e9sultat \u00e0 la hauteur de vos attentes.\" \/>\n<meta name=\"robots\" content=\"index, follow, max-snippet:-1, max-image-preview:large, max-video-preview:-1\" \/>\n<link rel=\"canonical\" href=\"https:\/\/thierry-barrot.com\/?page_id=1292\" \/>\n<meta property=\"og:locale\" content=\"fr_FR\" \/>\n<meta property=\"og:type\" content=\"article\" \/>\n<meta property=\"og:title\" content=\"R\u00e9novation int\u00e9rieure - Thierry Barrot\" \/>\n<meta property=\"og:description\" content=\"Transformez votre int\u00e9rieur avec Thierry Barrot : expertise, design sur mesure et qualit\u00e9 artisanale pour un r\u00e9sultat \u00e0 la hauteur de vos attentes.\" \/>\n<meta property=\"og:url\" content=\"https:\/\/thierry-barrot.com\/?page_id=1292\" \/>\n<meta property=\"og:site_name\" content=\"Thierry Barrot\" \/>\n<meta property=\"article:modified_time\" content=\"2025-07-01T12:49:09+00:00\" \/>\n<meta property=\"og:image\" content=\"https:\/\/thierry-barrot.com\/wp-content\/uploads\/elementor\/thumbs\/IMG_4529-scaled-p4xghd5cw5zshp23f3voa53q5cbtw3l4d0x9buzh3s.jpg\" \/>\n<meta name=\"twitter:card\" content=\"summary_large_image\" \/>\n<meta name=\"twitter:label1\" content=\"Dur\u00e9e de lecture estim\u00e9e\" \/>\n\t<meta name=\"twitter:data1\" content=\"2 minutes\" \/>\n<script type=\"application\/ld+json\" class=\"yoast-schema-graph\">{\"@context\":\"https:\/\/schema.org\",\"@graph\":[{\"@type\":\"WebPage\",\"@id\":\"https:\/\/thierry-barrot.com\/?page_id=1292\",\"url\":\"https:\/\/thierry-barrot.com\/?page_id=1292\",\"name\":\"R\u00e9novation int\u00e9rieure - Thierry Barrot\",\"isPartOf\":{\"@id\":\"https:\/\/thierry-barrot.com\/#website\"},\"primaryImageOfPage\":{\"@id\":\"https:\/\/thierry-barrot.com\/?page_id=1292#primaryimage\"},\"image\":{\"@id\":\"https:\/\/thierry-barrot.com\/?page_id=1292#primaryimage\"},\"thumbnailUrl\":\"https:\/\/thierry-barrot.com\/wp-content\/uploads\/elementor\/thumbs\/IMG_4529-scaled-p4xghd5cw5zshp23f3voa53q5cbtw3l4d0x9buzh3s.jpg\",\"datePublished\":\"2021-03-08T14:19:39+00:00\",\"dateModified\":\"2025-07-01T12:49:09+00:00\",\"description\":\"Transformez votre int\u00e9rieur avec Thierry Barrot : expertise, design sur mesure et qualit\u00e9 artisanale pour un r\u00e9sultat \u00e0 la hauteur de vos attentes.\",\"breadcrumb\":{\"@id\":\"https:\/\/thierry-barrot.com\/?page_id=1292#breadcrumb\"},\"inLanguage\":\"fr-FR\",\"potentialAction\":[{\"@type\":\"ReadAction\",\"target\":[\"https:\/\/thierry-barrot.com\/?page_id=1292\"]}]},{\"@type\":\"ImageObject\",\"inLanguage\":\"fr-FR\",\"@id\":\"https:\/\/thierry-barrot.com\/?page_id=1292#primaryimage\",\"url\":\"https:\/\/thierry-barrot.com\/wp-content\/uploads\/elementor\/thumbs\/IMG_4529-scaled-p4xghd5cw5zshp23f3voa53q5cbtw3l4d0x9buzh3s.jpg\",\"contentUrl\":\"https:\/\/thierry-barrot.com\/wp-content\/uploads\/elementor\/thumbs\/IMG_4529-scaled-p4xghd5cw5zshp23f3voa53q5cbtw3l4d0x9buzh3s.jpg\"},{\"@type\":\"BreadcrumbList\",\"@id\":\"https:\/\/thierry-barrot.com\/?page_id=1292#breadcrumb\",\"itemListElement\":[{\"@type\":\"ListItem\",\"position\":1,\"name\":\"Accueil\",\"item\":\"https:\/\/thierry-barrot.com\/\"},{\"@type\":\"ListItem\",\"position\":2,\"name\":\"R\u00e9novation int\u00e9rieure\"}]},{\"@type\":\"WebSite\",\"@id\":\"https:\/\/thierry-barrot.com\/#website\",\"url\":\"https:\/\/thierry-barrot.com\/\",\"name\":\"Thierry Barrot\",\"description\":\"Artisan peintre sur la M\u00e9tropole de Bordeaux\",\"potentialAction\":[{\"@type\":\"SearchAction\",\"target\":{\"@type\":\"EntryPoint\",\"urlTemplate\":\"https:\/\/thierry-barrot.com\/?s={search_term_string}\"},\"query-input\":{\"@type\":\"PropertyValueSpecification\",\"valueRequired\":true,\"valueName\":\"search_term_string\"}}],\"inLanguage\":\"fr-FR\"}]}<\/script>\n<!-- \/ Yoast SEO plugin. -->","yoast_head_json":{"title":"R\u00e9novation int\u00e9rieure - Thierry Barrot","description":"Transformez votre int\u00e9rieur avec Thierry Barrot : expertise, design sur mesure et qualit\u00e9 artisanale pour un r\u00e9sultat \u00e0 la hauteur de vos attentes.","robots":{"index":"index","follow":"follow","max-snippet":"max-snippet:-1","max-image-preview":"max-image-preview:large","max-video-preview":"max-video-preview:-1"},"canonical":"https:\/\/thierry-barrot.com\/?page_id=1292","og_locale":"fr_FR","og_type":"article","og_title":"R\u00e9novation int\u00e9rieure - Thierry Barrot","og_description":"Transformez votre int\u00e9rieur avec Thierry Barrot : expertise, design sur mesure et qualit\u00e9 artisanale pour un r\u00e9sultat \u00e0 la hauteur de vos attentes.","og_url":"https:\/\/thierry-barrot.com\/?page_id=1292","og_site_name":"Thierry Barrot","article_modified_time":"2025-07-01T12:49:09+00:00","og_image":[{"url":"https:\/\/thierry-barrot.com\/wp-content\/uploads\/elementor\/thumbs\/IMG_4529-scaled-p4xghd5cw5zshp23f3voa53q5cbtw3l4d0x9buzh3s.jpg","type":"","width":"","height":""}],"twitter_card":"summary_large_image","twitter_misc":{"Dur\u00e9e de lecture estim\u00e9e":"2 minutes"},"schema":{"@context":"https:\/\/schema.org","@graph":[{"@type":"WebPage","@id":"https:\/\/thierry-barrot.com\/?page_id=1292","url":"https:\/\/thierry-barrot.com\/?page_id=1292","name":"R\u00e9novation int\u00e9rieure - Thierry Barrot","isPartOf":{"@id":"https:\/\/thierry-barrot.com\/#website"},"primaryImageOfPage":{"@id":"https:\/\/thierry-barrot.com\/?page_id=1292#primaryimage"},"image":{"@id":"https:\/\/thierry-barrot.com\/?page_id=1292#primaryimage"},"thumbnailUrl":"https:\/\/thierry-barrot.com\/wp-content\/uploads\/elementor\/thumbs\/IMG_4529-scaled-p4xghd5cw5zshp23f3voa53q5cbtw3l4d0x9buzh3s.jpg","datePublished":"2021-03-08T14:19:39+00:00","dateModified":"2025-07-01T12:49:09+00:00","description":"Transformez votre int\u00e9rieur avec Thierry Barrot : expertise, design sur mesure et qualit\u00e9 artisanale pour un r\u00e9sultat \u00e0 la hauteur de vos attentes.","breadcrumb":{"@id":"https:\/\/thierry-barrot.com\/?page_id=1292#breadcrumb"},"inLanguage":"fr-FR","potentialAction":[{"@type":"ReadAction","target":["https:\/\/thierry-barrot.com\/?page_id=1292"]}]},{"@type":"ImageObject","inLanguage":"fr-FR","@id":"https:\/\/thierry-barrot.com\/?page_id=1292#primaryimage","url":"https:\/\/thierry-barrot.com\/wp-content\/uploads\/elementor\/thumbs\/IMG_4529-scaled-p4xghd5cw5zshp23f3voa53q5cbtw3l4d0x9buzh3s.jpg","contentUrl":"https:\/\/thierry-barrot.com\/wp-content\/uploads\/elementor\/thumbs\/IMG_4529-scaled-p4xghd5cw5zshp23f3voa53q5cbtw3l4d0x9buzh3s.jpg"},{"@type":"BreadcrumbList","@id":"https:\/\/thierry-barrot.com\/?page_id=1292#breadcrumb","itemListElement":[{"@type":"ListItem","position":1,"name":"Accueil","item":"https:\/\/thierry-barrot.com\/"},{"@type":"ListItem","position":2,"name":"R\u00e9novation int\u00e9rieure"}]},{"@type":"WebSite","@id":"https:\/\/thierry-barrot.com\/#website","url":"https:\/\/thierry-barrot.com\/","name":"Thierry Barrot","description":"Artisan peintre sur la M\u00e9tropole de Bordeaux","potentialAction":[{"@type":"SearchAction","target":{"@type":"EntryPoint","urlTemplate":"https:\/\/thierry-barrot.com\/?s={search_term_string}"},"query-input":{"@type":"PropertyValueSpecification","valueRequired":true,"valueName":"search_term_string"}}],"inLanguage":"fr-FR"}]}},"_links":{"self":[{"href":"https:\/\/thierry-barrot.com\/index.php?rest_route=\/wp\/v2\/pages\/1292","targetHints":{"allow":["GET"]}}],"collection":[{"href":"https:\/\/thierry-barrot.com\/index.php?rest_route=\/wp\/v2\/pages"}],"about":[{"href":"https:\/\/thierry-barrot.com\/index.php?rest_route=\/wp\/v2\/types\/page"}],"author":[{"embeddable":true,"href":"https:\/\/thierry-barrot.com\/index.php?rest_route=\/wp\/v2\/users\/1"}],"replies":[{"embeddable":true,"href":"https:\/\/thierry-barrot.com\/index.php?rest_route=%2Fwp%2Fv2%2Fcomments&post=1292"}],"version-history":[{"count":93,"href":"https:\/\/thierry-barrot.com\/index.php?rest_route=\/wp\/v2\/pages\/1292\/revisions"}],"predecessor-version":[{"id":1764,"href":"https:\/\/thierry-barrot.com\/index.php?rest_route=\/wp\/v2\/pages\/1292\/revisions\/1764"}],"wp:attachment":[{"href":"https:\/\/thierry-barrot.com\/index.php?rest_route=%2Fwp%2Fv2%2Fmedia&parent=1292"}],"curies":[{"name":"wp","href":"https:\/\/api.w.org\/{rel}","templated":true}]}}